et q(v) = -893*v**3 + 29*v**2 + 64*v + 3. What is the hundreds digit of q(-2)?
1
Suppose 10*y = 6*y - 20. Let j(o) = -o + 1. Let n be j(y). Let x(s) = s**2 - 7*s + 39. What is the units digit of x(n)?
3
Suppose -11*f + 79054 = -7*f + 2*p, -59273 = -3*f + 2*p. What is the ten thousands digit of f?
1
Suppose -69*c + 68*c = -3*h + 121769, 4*h + 2*c = 162342. What is the thousands digit of h?
0
Let n = -2308 + 9815. What is the tens digit of n?
0
Let q be (12/(-10))/(2/10). Let p be (3/q)/((6/40)/3). Let h = p - -53. What is the tens digit of h?
4
Suppose -12819076 = -486*z + 2344124. What is the thousands digit of z?
1
Suppose -601 = -4*y - 205. Suppose y*i + 7410 = 112*i. What is the tens digit of i?
7
Let m be (-33)/(-27)*-3 + 14/105*5. Let y(q) = -208*q - 24. Let p(g) = 69*g + 8. Let v(u) = -7*p(u) - 2*y(u). What is the units digit of v(m)?
3
Suppose -8*b = -6578 - 1822. Suppose 0*n = -n - 3*q + 338, 3*q + b = 3*n. What is the tens digit of n?
4
Let v(g) = g**3 + 11*g**2 - 5*g - 7. Let b(a) = -12*a + 136. Let j be b(12). What is the tens digit of v(j)?
2
Let j(t) = -t**3 - 13*t**2 + 13*t - 23. Let q be j(-21). Let i = q + 3324. What is the units digit of (1/(2 + -6))/((-11)/i)?
9
Let q(b) = -5*b**2 + 6*b + 24. Let a be q(-10). What is the hundreds digit of (335/a)/(1/(-808))?
5
Let x(q) = -404*q + 5772. What is the tens digit of x(12)?
2
Let p(u) = 3*u - 38. Let q(b) = -b + 32. Let d be q(15). Let h be p(d). Suppose -118 = -14*k + h*k. What is the hundreds digit of k?
1
Let m(q) = -q**3 + 3*q**2 + 10*q + 1. Let g be m(5). What is the hundreds digit of 0*1/g - (61 + -851)?
7
Suppose 0 = 316*m - 380*m + 3466880. What is the hundreds digit of m?
1
Let y(a) = 1063*a**2 + 41*a + 139. What is the tens digit of y(6)?
5
Suppose 28*n - v = 30*n - 11496, -4*n - 4*v + 22984 = 0. What is the tens digit of n?
5
Let i(s) = 15*s + 394. Let h(u) = -4*u - 131. Let b(z) = 17*h(z) + 6*i(z). What is the units digit of b(-5)?
7
Let x(i) = 818*i - 4. Let s be x(-3). Let n = 3648 + s. What is the thousands digit of n?
1
Suppose 0 = 4*b + 20, -11*g + 6*g + 4*b = -1055. Let v = 395 - g. What is the tens digit of v?
8
Let y = 1673 - 955. What is the hundreds digit of y?
7
Suppose 643 + 704 = w. Suppose 0 = -5*g + w - 527. What is the hundreds digit of g?
1
Suppose 16 - 142 = -2*t. Let g be 1/((4/(-39))/(-4)). Let b = t - g. What is the units digit of b?
4
Let v(b) = 22*b**2 - 473*b - 131. What is the units digit of v(62)?
1
Suppose 0 = -3*p + 5*c + 1 + 23, 0 = -2*p - c + 3. Suppose 0 = -4*y + 5*u, -y + u = 4*y. Suppose y = -p*g - 5*g + 720. What is the tens digit of g?
9
Suppose j + 73 = -4*c, -8*c - 5*j - 77 = -4*c. Let t(u) = -2*u**2 - 41*u - 10. What is the units digit of t(c)?
0
Let s = -39599 + 60518. What is the thousands digit of s?
0
Suppose -2*w - 3*c = -768, -2*w + 336 = 4*c - 436. Suppose -21*o - w = -28*o. What is the tens digit of o?
5
Let p(r) = -11*r - 44. Let g be p(-7). Let k = -1 + -13. Let l = g + k. What is the units digit of l?
9
Suppose 2*b + 9 = -3*q, 5*b - 5*q + 10 + 25 = 0. Let a(t) = -6*t**3 + 17*t**2 + 16*t + 8. What is the thousands digit of a(b)?
1
Let s(i) = 6740*i + 858. What is the thousands digit of s(4)?
7
Let c = 288 - 97. Let z = c - -951. What is the thousands digit of z?
1
Suppose 0 = -8*s + 2*s + 3762. Suppose 2*v = -509 + s. What is the tens digit of v?
5
Let z be ((-4 + 4060)/8)/((-1)/(-7)). Let d = z - 2416. What is the hundreds digit of d?
1
Suppose -2*z = -2*b + 1116, 2798 = b + 4*b - z. Suppose -b = -562*l + 560*l. What is the hundreds digit of l?
2
Let d(r) = -r**3 - 5*r**2 - 4*r - 8. Let c = -80 + 75. What is the units digit of d(c)?
2
Suppose 2*z + 5*b = -15, z + 15 = -5*b - 0*b. Suppose z = -u - 270 + 1329. What is the tens digit of u?
5
Let h(j) = j**2 - 2*j - 15. Let b be h(5). Let i be b + (-9)/(-3)*-17. Let f = i + 183. What is the tens digit of f?
3
What is the hundreds digit of 14/(-203) + (-288)/29 + 20760?
7
Suppose 10935 = 4*t - 4041. What is the units digit of t?
4
Let j = 4095 - -6055. What is the thousands digit of j?
0
Let a = -52187 + 77641. What is the ten thousands digit of a?
2
Suppose -s - 444 = -5*s. Suppose -t = -4*o + 4*t + s, -99 = -4*o + t. Suppose -o*h = -20*h - 760. What is the units digit of h?
0
Suppose 0 = 5*o - 5, 14*o - 17*o + 25923 = 5*l. What is the units digit of l?
4
Let i be (-57 + 1)/(-7*(-2)/(-91)). Suppose 2*w = -v + 773, -2*v + 6*v + i = w. What is the units digit of w?
4
What is the units digit of (-583 - 7 - 8)*3/(-6)?
9
Let b(t) = -12*t - 18. Let w be b(-5). What is the hundreds digit of (2 - 35/(-14))*w?
1
Let k(o) = o - 2 + 15 - 7 + 9. Let w be k(-28). What is the units digit of (w - 13)*(-38)/4?
7
Let m(y) = -290*y**3 - y**2 - 18*y + 1. What is the units digit of m(-3)?
6
Let h(g) = -5*g - 7. Let s(a) = -2*a - 2. Let n(b) = 3*h(b) + 6*s(b). What is the hundreds digit of n(-10)?
2
Let r(w) = -w - 51. Let f be r(-14). Let c = 48 - f. What is the tens digit of c?
8
Let q(v) = -2*v**3 - 31*v**2 - 16*v + 30. Let h(c) = c**3 + 16*c**2 + 8*c - 15. Let d(r) = 5*h(r) + 3*q(r). What is the tens digit of d(-14)?
2
Let t(g) = 2212*g - 1536. What is the tens digit of t(21)?
1
Let v = -395 - -561. Suppose 5*m = -0*m - 570. Let h = v + m. What is the units digit of h?
2
Let f = -5146 + 7366. What is the hundreds digit of f?
2
Let z be 214*((-3)/4 - 13/(-4)). Suppose 5*y - 2885 = -z. What is the units digit of y?
0
Suppose -2*k + 37 = 3*v, -2*k + k = 3*v - 38. Suppose -5*c + 360 = 4*n, -v*n - 288 = -4*c - 10*n. What is the units digit of c?
2
What is the ten thousands digit of (826/(-28))/(9/(-3438))?
1
Let m(t) = 135*t**3 + 59*t**2 - 265*t - 31. What is the hundreds digit of m(5)?
9
Let b = 11530 + -749. What is the units digit of b?
1
Let p = -79 + 71. Let a be (-322 - (p - -3)) + 2. Let v = a - -528. What is the units digit of v?
3
Let a be ((-33)/66)/(1 + 15/(-14)). What is the units digit of 6 + a/(49/2471)?
9
Let b(a) be the first derivative of -a**5/60 + 9*a**4/8 - 15*a**3 - 8. Let y(n) be the third derivative of b(n). What is the tens digit of y(-8)?
4
Let j(z) = -z**2 - 26*z - 140. Let c be j(-10). Suppose c*m - 8717 = 3323. What is the units digit of m?
2
Let p = -328 + 1122. Let k = p - 431. Suppose -2*c = -3*y + 301, 4*c + k = 5*y - 140. What is the units digit of y?
9
Let u(b) = 92*b**2 - 9*b + 70. What is the tens digit of u(-6)?
3
Let s = 7144 + -3652. What is the hundreds digit of s?
4
Suppose -3*z + 298 = -533. Suppose 0 = 4*f - z + 45. Suppose -3*q - f = -2*r - 2*q, -4*r + 5*q + 110 = 0. What is the tens digit of r?
3
What is the units digit of -2*(2 - -80)*(-13)/(78/144)?
6
Let f be (-20)/(-3)*(-12)/(-16). Suppose -595 = -10*l + f*l. What is the units digit of l?
9
Let o = -329 - -333. Suppose -172 = -4*q + o*p, 2*q - 40 - 22 = -4*p. What is the tens digit of q?
3
Suppose -44 = -4*t + 6*g - 8*g, 5*g = -3*t + 33. Suppose 15*v - t*v + 4*m = 0, 12 = -3*m. What is the units digit of v?
4
What is the ten thousands digit of (0/(-32) - 3/(-6))*(-64266)/(-3)?
1
Let u(t) = t**3 - 10*t**2 - 28*t - 7. Let d be u(12). Let j = d - -1478. What is the units digit of j?
3
Suppose 21*v + 48834 - 289410 = 0. What is the tens digit of v?
5
Let d = -3228 + 3230. Let t = 228 - 60. Suppose 0*g = d*g - t. What is the units digit of g?
4
Let b be (-4)/8*1522*1. Let k = b + 1952. What is the hundreds digit of k?
1
Let b(n) = n**3 + 14*n**2 - 30*n + 29. Let k be b(-16). Let h(l) = -430*l + 57. What is the hundreds digit of h(k)?
3
Suppose -g = k - 28724, 529*k + g + 28708 = 530*k. What is the units digit of k?
6
Suppose -19*d + 23*d = 2*f - 4, 0 = -3*f + 2*d - 6. What is the units digit of (5 - 4)*-16*f?
4
Let m = 24531 + -5343. Suppose 579*r - m = 561*r. What is the units digit of r?
6
Let i(y) = y**3 + 18*y**2 - 15*y - 56. Let c be i(-13). Suppose 5*b - c = -4*w + 891, 4*w = -3*b + 1117. What is the units digit of b?
9
Suppose -92*n + 89*n = 333. Let i be 6/21 - 0 - 453/(-7). Let v = i - n. What is the hundreds digit of v?
1
Suppose t + 0*t - 21 = 0. Let w = 171 + t. What is the units digit of w?
2
Let u(s) = -s. Let y = -40 - -34. Let b be u(y). Suppose b*a = 8*a - 34. What is the tens digit of a?
1
Let c = 1054 + -2040. Let q = c - -2866. What is the thousands digit of q?
1
Let s be ((-3)/6